{"id":3971,"date":"2021-01-25T12:10:04","date_gmt":"2021-01-25T11:10:04","guid":{"rendered":"http:\/\/itsall-energyutility.com\/?page_id=3971"},"modified":"2024-02-27T13:42:20","modified_gmt":"2024-02-27T12:42:20","slug":"perche-diventare-partner","status":"publish","type":"page","link":"https:\/\/itsall-energyutility.com\/index.php\/perche-diventare-partner\/","title":{"rendered":"Perch\u00e8 diventare Partner"},"content":{"rendered":"<p>[vc_row full_width=&#8221;stretch_row&#8221; video_bg=&#8221;yes&#8221; video_bg_url=&#8221;https:\/\/www.youtube.com\/watch?v=kKQUmqCulaY&amp;ab_channel=EleonoraP&#8221; css=&#8221;.vc_custom_1611573566389{padding-top: 20px !important;padding-bottom: 20px !important;}&#8221;][vc_column css=&#8221;.vc_custom_1611573612347{padding-top: 20px !important;}&#8221;][vc_column_text css=&#8221;.vc_custom_1611573600466{padding-top: 20px !important;}&#8221;]<\/p>\n<h1 style=\"text-align: center;\"><span style=\"color: #ffffff;\">Perch\u00e8 diventare Partner &amp; Exhibitor<\/span><\/h1>\n<p style=\"text-align: center;\"><span style=\"color: #ffffff;\"><strong>6 buoni motivi per diventare partner dell&#8217;evento<\/strong><\/span><\/p>\n<p>[\/vc_column_text]\n       <div class=\"btn-wraapper  vc_custom_1611573987599\" style=\"text-align: center\">\n           <a class=\"ev-border-btn \" href=\"http:\/\/itsall-energyutility.com\/index.php\/diventa-partner\/\" target=\"_blank\">\n               RICHIEDI INFO           <\/a>\n       <\/div>\n\n\n        [\/vc_column][\/vc_row][vc_row css=&#8221;.vc_custom_1611574140093{padding-top: 20px !important;}&#8221;][vc_column width=&#8221;1\/6&#8243;][vc_icon icon_fontawesome=&#8221;fas fa-users&#8221; color=&#8221;custom&#8221; size=&#8221;xl&#8221; align=&#8221;center&#8221; custom_color=&#8221;#21bbd3&#8243;][vc_column_text]<\/p>\n<p style=\"text-align: center;\"><span style=\"color: #000000;\"><strong>GENERA NUOVI CONTATTI<\/strong><\/span><\/p>\n<p>[\/vc_column_text][\/vc_column][vc_column width=&#8221;1\/6&#8243;][vc_icon icon_fontawesome=&#8221;far fa-lightbulb&#8221; color=&#8221;custom&#8221; size=&#8221;xl&#8221; align=&#8221;center&#8221; custom_color=&#8221;#21bbd3&#8243;][vc_column_text]<\/p>\n<p style=\"text-align: center;\"><span style=\"color: #000000;\"><strong>PROMUOVI LE TUE SOLUZIONI<\/strong><\/span><\/p>\n<p>[\/vc_column_text][\/vc_column][vc_column width=&#8221;1\/6&#8243;][vc_icon icon_fontawesome=&#8221;fas fa-user-plus&#8221; color=&#8221;custom&#8221; size=&#8221;xl&#8221; align=&#8221;center&#8221; custom_color=&#8221;#21bbd3&#8243;][vc_column_text]<\/p>\n<p style=\"text-align: center;\"><span style=\"color: #000000;\"><strong>COSTRUISCI NUOVE PARTNERSHIP<\/strong><\/span><\/p>\n<p>[\/vc_column_text][\/vc_column][vc_column width=&#8221;1\/6&#8243;][vc_icon icon_fontawesome=&#8221;fas fa-trophy&#8221; color=&#8221;custom&#8221; size=&#8221;xl&#8221; align=&#8221;center&#8221; custom_color=&#8221;#21bbd3&#8243;][vc_column_text]<\/p>\n<p style=\"text-align: center;\"><span style=\"color: #000000;\"><strong>DIMOSTRA LA TUA LEADERSHIP<\/strong><\/span><\/p>\n<p>[\/vc_column_text][\/vc_column][vc_column width=&#8221;1\/6&#8243;][vc_icon icon_fontawesome=&#8221;fas fa-tag&#8221; color=&#8221;custom&#8221; size=&#8221;xl&#8221; align=&#8221;center&#8221; custom_color=&#8221;#21bbd3&#8243;][vc_column_text]<\/p>\n<p style=\"text-align: center;\"><span style=\"color: #000000;\"><strong>RAFFORZA LA TUA BRAND IDENTITY<\/strong><\/span><\/p>\n<p>[\/vc_column_text][\/vc_column][vc_column width=&#8221;1\/6&#8243;][vc_icon icon_fontawesome=&#8221;fas fa-briefcase&#8221; color=&#8221;custom&#8221; size=&#8221;xl&#8221; align=&#8221;center&#8221; custom_color=&#8221;#21bbd3&#8243;][vc_column_text]<\/p>\n<p style=\"text-align: center;\"><span style=\"color: #000000;\"><strong>RISPARMIA TEMPO E DENARO<\/strong><\/span><\/p>\n<p>[\/vc_column_text][\/vc_column][\/vc_row][vc_row][vc_column][vc_column_text css=&#8221;.vc_custom_1611576184744{padding-top: 20px !important;padding-bottom: 20px !important;}&#8221;]<\/p>\n<h2 style=\"text-align: center;\"><span style=\"color: #000000;\"><strong>Come Partecipare<\/strong><\/span><\/h2>\n<p>[\/vc_column_text][\/vc_column][\/vc_row][vc_row][vc_column width=&#8221;1\/4&#8243;][vc_single_image image=&#8221;3987&#8243; img_size=&#8221;full&#8221; alignment=&#8221;center&#8221; style=&#8221;vc_box_circle&#8221;][vc_column_text]<\/p>\n<h2><span style=\"color: #000000;\">Intervento al tavolo dei relatori<\/span><\/h2>\n<p>Il punto di forza dell&#8217;evento\u00a0<i>\u00a0<\/i>\u00e8 la qualit\u00e0 e la quantit\u00e0 dei case study. In qualit\u00e0 di\u00a0Main Partner avrete la possibilit\u00e0 di essere presenti nel prestigioso Panel di Relatori.[\/vc_column_text][\/vc_column][vc_column width=&#8221;1\/4&#8243;][vc_single_image image=&#8221;3954&#8243; img_size=&#8221;full&#8221; alignment=&#8221;center&#8221; style=&#8221;vc_box_circle&#8221;][vc_column_text]<\/p>\n<h2><span style=\"color: #000000;\">Relatore in una tavola rotonda\u00a0<\/span><\/h2>\n<p>Partecipare a una specifica tavola rotonda sulle tematiche pi\u00f9 attuali e innovative in ambito ENERGY &amp; UTILITY.[\/vc_column_text][\/vc_column][vc_column width=&#8221;1\/4&#8243;][vc_single_image image=&#8221;3989&#8243; img_size=&#8221;full&#8221; alignment=&#8221;center&#8221; style=&#8221;vc_box_circle&#8221; css_animation=&#8221;none&#8221;][vc_column_text]<\/p>\n<h2><span style=\"color: #000000;\">Pranzo VIP<\/span><\/h2>\n<p>Pranzo riservato a tutti gli speaker e gli ospiti VIP per uno scambio di opinioni in un ambiente accogliente e rilassante.[\/vc_column_text][\/vc_column][vc_column width=&#8221;1\/4&#8243;][vc_single_image image=&#8221;3956&#8243; img_size=&#8221;full&#8221; alignment=&#8221;center&#8221; style=&#8221;vc_box_circle&#8221;][vc_column_text]<\/p>\n<h2><span style=\"color: #000000;\">Stand Area Expo<\/span><\/h2>\n<p>Per tutta la durata della manifestazione sar\u00e0 allestita un\u2019Area Espositiva nata per favorire l\u2019incontro di domanda e offerta. Gli espositori avranno a disposizione uno stand preallestito per incontrare i partecipanti fornire loro tutti i dettagli tecnici relativi ai servizi e prodotti offerti.[\/vc_column_text][\/vc_column][\/vc_row][vc_row css=&#8221;.vc_custom_1612458247807{margin-bottom: 20px !important;}&#8221;][vc_column width=&#8221;1\/4&#8243;]\n       <div class=\"btn-wraapper  vc_custom_1611582522335\" style=\"text-align: center\">\n           <a class=\"ev-border-btn \" href=\"http:\/\/itsall-energyutility.com\/index.php\/diventa-partner\/\" target=\"_blank\">\n               RICHIEDI INFO           <\/a>\n       <\/div>\n\n\n        [\/vc_column][vc_column width=&#8221;1\/4&#8243;]\n       <div class=\"btn-wraapper  vc_custom_1611582522335\" style=\"text-align: center\">\n           <a class=\"ev-border-btn \" href=\"http:\/\/itsall-energyutility.com\/index.php\/diventa-partner\/\" target=\"_blank\">\n               RICHIEDI INFO           <\/a>\n       <\/div>\n\n\n        [\/vc_column][vc_column width=&#8221;1\/4&#8243;]\n       <div class=\"btn-wraapper  vc_custom_1611582522335\" style=\"text-align: center\">\n           <a class=\"ev-border-btn \" href=\"http:\/\/itsall-energyutility.com\/index.php\/diventa-partner\/\" target=\"_blank\">\n               RICHIEDI INFO           <\/a>\n       <\/div>\n\n\n        [\/vc_column][vc_column width=&#8221;1\/4&#8243;]\n       <div class=\"btn-wraapper  vc_custom_1611582522335\" style=\"text-align: center\">\n           <a class=\"ev-border-btn \" href=\"http:\/\/itsall-energyutility.com\/index.php\/diventa-partner\/\" target=\"_blank\">\n               RICHIEDI INFO           <\/a>\n       <\/div>\n\n\n        [\/vc_column][\/vc_row]<\/p>\n","protected":false},"excerpt":{"rendered":"<p>[vc_row full_width=&#8221;stretch_row&#8221; video_bg=&#8221;yes&#8221; video_bg_url=&#8221;https:\/\/www.youtube.com\/watch?v=kKQUmqCulaY&amp;ab_channel=EleonoraP&#8221; css=&#8221;.vc_custom_1611573566389{padding-top: 20px !important;padding-bottom: 20px !important;}&#8221;][vc_column css=&#8221;.vc_custom_1611573612347{padding-top: 20px !important;}&#8221;][vc_column_text css=&#8221;.vc_custom_1611573600466{padding-top: 20px !important;}&#8221;] Perch\u00e8 diventare Partner &amp; Exhibitor 6 buoni motivi per diventare partner dell&#8217;evento [\/vc_column_text][\/vc_column][\/vc_row][vc_row css=&#8221;.vc_custom_1611574140093{padding-top: 20px !important;}&#8221;][vc_column width=&#8221;1\/6&#8243;][vc_icon icon_fontawesome=&#8221;fas fa-users&#8221; color=&#8221;custom&#8221; size=&#8221;xl&#8221; align=&#8221;center&#8221; custom_color=&#8221;#21bbd3&#8243;][vc_column_text] GENERA NUOVI CONTATTI [\/vc_column_text][\/vc_column][vc_column width=&#8221;1\/6&#8243;][vc_icon icon_fontawesome=&#8221;far fa-lightbulb&#8221; color=&#8221;custom&#8221; size=&#8221;xl&#8221; align=&#8221;center&#8221; custom_color=&#8221;#21bbd3&#8243;][vc_column_text] PROMUOVI LE TUE SOLUZIONI [\/vc_column_text][\/vc_column][vc_column width=&#8221;1\/6&#8243;][vc_icon [&hellip;]<\/p>\n","protected":false},"author":2,"featured_media":0,"parent":0,"menu_order":0,"comment_status":"closed","ping_status":"closed","template":"","meta":{"footnotes":""},"class_list":["post-3971","page","type-page","status-publish","hentry"],"_links":{"self":[{"href":"https:\/\/itsall-energyutility.com\/index.php\/wp-json\/wp\/v2\/pages\/3971","targetHints":{"allow":["GET"]}}],"collection":[{"href":"https:\/\/itsall-energyutility.com\/index.php\/wp-json\/wp\/v2\/pages"}],"about":[{"href":"https:\/\/itsall-energyutility.com\/index.php\/wp-json\/wp\/v2\/types\/page"}],"author":[{"embeddable":true,"href":"https:\/\/itsall-energyutility.com\/index.php\/wp-json\/wp\/v2\/users\/2"}],"replies":[{"embeddable":true,"href":"https:\/\/itsall-energyutility.com\/index.php\/wp-json\/wp\/v2\/comments?post=3971"}],"version-history":[{"count":24,"href":"https:\/\/itsall-energyutility.com\/index.php\/wp-json\/wp\/v2\/pages\/3971\/revisions"}],"predecessor-version":[{"id":5138,"href":"https:\/\/itsall-energyutility.com\/index.php\/wp-json\/wp\/v2\/pages\/3971\/revisions\/5138"}],"wp:attachment":[{"href":"https:\/\/itsall-energyutility.com\/index.php\/wp-json\/wp\/v2\/media?parent=3971"}],"curies":[{"name":"wp","href":"https:\/\/api.w.org\/{rel}","templated":true}]}}